(o) = o + 10*o - o + 2*o + 11*o**2 + 2 - o**3. Suppose -5*x - c + 80 = 4*c, -44 = -5*x + 4*c. Determine y(x).
2
Let g be -1*(0 + 8)/((-16)/(-8)). Let j(w) = -w. Let t(c) = -c - 1. Let m(q) = g*t(q) + 3*j(q). Let x = -12 + 6. What is m(x)?
-2
Let j(f) be the first derivative of -17*f**2/2 - 79*f - 390. Determine j(-5).
6
Let q(t) be the second derivative of t**5/20 + t**4/4 + t**3/2 - 3*t**2/2 - 1102*t. Let l = 59 - 62. Give q(l).
-12
Let n(a) = -2*a + 3 + 7*a + 4 - 4. Let v be 1/(-3) + (60/18 - -3). Suppose -q = -4*q - v. Determine n(q).
-7
Let h(w) be the second derivative of w**4/12 + 2*w**2 - 195*w. Suppose 5*i = 4*o + 9 - 46, -o + i + 8 = 0. Suppose -o*n = n. Give h(n).
4
Let r(j) be the third derivative of -j**5/60 + 5*j**4/24 - j**3/2 + 29*j**2 - 7*j. Calculate r(7).
-17
Let i(p) = 2*p**2 + 10*p - 6. Let u(w) = 2*w**3 - 32*w**2 - 2*w + 23. Let f be u(16). What is i(f)?
66
Let y(x) be the second derivative of 8*x**3/3 - 6*x**2 + 28*x - 32. Determine y(7).
100
Suppose 56 + 522 = 289*k. Let s(v) = 53*v - 11. Calculate s(k).
95
Let s = 180 + -175. Let k(w) = w**3 + 3*w**2 - 3*w + 6. Let j(n) = 2*n**3 + 5*n**2 - 7*n + 14. Let p(z) = s*k(z) - 2*j(z). Determine p(-4).
22
Let u(g) = 99*g + 2. Let m(v) = 128*v + 3. Let a(b) = 4*m(b) - 5*u(b). Determine a(-4).
-66
Let p be ((-117)/(-15) + -7)*45/18. Let m(b) be the first derivative of -4*b + 1/2*b**p - 27. Give m(2).
-2
Let o = -934 + 937. Let a(z) = 14*z**3 + 1 + 11*z**o + z**3 - 15*z**3. What is a(-1)?
-10
Let h(d) = 16 + 15 + d - 33. Let g(o) = -3*o + 22. Let r be g(9). Let y be ((-3)/1)/(-3)*r. Give h(y).
-7
Let z(x) be the second derivative of -x**5/20 + 3*x**4/4 + 4*x**3 - x**2 - 5599*x. Give z(11).
20
Let l(w) = -w**2 - 17*w - 2. Let n(j) = j**3 - 23*j**2 - j - 17. Let g be n(0). Give l(g).
-2
Let g = -19121 - -19120. Let o(l) = -6*l**3 + 5*l**2 + 3*l + 5. Let x(f) = -13*f**3 + 9*f**2 + 6*f + 9. Let k(y) = 5*o(y) - 3*x(y). What is k(g)?
-10
Suppose -32*i - 294 = -39*i. Let d(b) = 56 - 108 + i + 2*b. Determine d(7).
4
Let r(w) be the third derivative of -w**6/120 - 3*w**5/20 - 5*w**4/8 + 7*w**3/6 - 15*w**2 - 78. What is r(-8)?
63
Let b(z) = 31*z - 196. Let f be b(7). Let k(m) = -m**2 + 22*m - 13. Give k(f).
8
Let z(y) = y**3 + 6*y**2 - 3*y - 8. Let x(n) = -5*n**2 + 10*n - 8. Let s be x(6). Let o = 1215 + -1337. Let j = s - o. Calculate z(j).
10
Let v(g) = -g**2 - 5*g + 12. Let m(k) = 2*k**3 - 2*k**2 - 3*k - 2. Let a be m(-1). Let n be (2 + (a - 2/(-4)))*12. What is v(n)?
6
Let t(x) = 43*x**2 - 11*x - 248. Let m(u) = 100*u**2 - 22*u - 497. Let a(b) = 3*m(b) - 7*t(b). Give a(22).
3
Let w(u) be the third derivative of 0 - 2*u**2 - 1/2*u**3 + 1/30*u**5 + 8*u - 1/12*u**4. Determine w(-3).
21
Suppose -2*m + 32 = -5*l, 5*m + 23 = 8*m + 5*l. Let z(c) = 7*c - 6. Let a(w) = 2*w. Let r(d) = -3*a(d) + z(d). Calculate r(m).
5
Let o(g) = -3*g**3 + 31*g**2 + 37*g - 74. Let z(j) = -j**3 + 10*j**2 + 12*j - 24. Let l(a) = -3*o(a) + 8*z(a). Give l(14).
16
Let r be 2794/14 - ((-4)/(-7) + -1). Let b = r - 205. Let z(k) = k**2 + 6*k + 2. What is z(b)?
-3
Let w(k) be the first derivative of -k**4/4 - 5*k**3/3 + k**2/2 + 7*k + 5. Let i(g) = -g**2 - 11*g + 6. Let m be i(-11). Suppose 5*z + m + 19 = 0. What is w(z)?
2
Let x(i) = -2*i + 1. Let d(o) = 9*o**2 - 2*o - 2. Let z be d(1). Suppose 15 = z*y + 2*c - 7*c, -4*y - 3*c - 2 = 0. Determine x(y).
-1
Let h(k) = 39*k + 161. Let w be h(-4). Suppose -3*o - 5*a = -15, -w*o + 15 = 3*a + 6. Let j(u) = u**3 - u**2 - u + 6. Give j(o).
6
Let n(d) be the second derivative of -d**4/12 + 6*d**2 + 66*d + 9. Determine n(-8).
-52
Let t(s) = 2*s**3 - 24*s**2 + 12*s - 1. Let u(c) = c**3 - 11*c**2 + 6*c - 1. Let h(r) = -3*t(r) + 7*u(r). Determine h(4).
4
Let s(f) = -30*f - 13. Let o(v) = -19*v - 14. Let z(q) = -3*o(q) + 2*s(q). Calculate z(6).
-2
Suppose 0 = -w - u + 5180 - 913, 4*w - 2*u - 17068 = 0. Let m(h) = w*h + 15 + h**3 - 4 - 4266*h + 9*h**2. What is m(-9)?
2
Let g(k) be the third derivative of 1/12*k**4 + 4*k**2 - 8/3*k**3 + 0 + 0*k. What is g(5)?
-6
Let o(a) = -2*a**3 + 20*a**2 + 22*a + 2. Suppose -1 = -3*g + 2*p + 32, 0 = 5*g - 3*p - 55. Calculate o(g).
2
Let n(o) be the first derivative of -o**3/3 + 15*o**2/2 - 22*o + 3445. Give n(14).
-8
Let t(o) = -9*o**3 + 1 - o**3 - 4*o**2 + 5*o - 3*o + 0*o**2. Let g be t(2). Let v = 97 + g. Let c(u) = -2*u + 4. Calculate c(v).
-8
Suppose -61*w + 57*w - 20 = 0. Let s(c) = 10*c**2 + 4*c + 9. Let p(x) = 9*x**2 + 3*x + 8. Let r(m) = w*s(m) + 6*p(m). Determine r(2).
15
Let a(k) = -k**2 + 5*k + 2. Let r be (5/(60/(-8)))/(4/(-30)). Suppose -40 = -w + r*w. Let m(j) = -j**2 - 12*j - 14. Let g be m(w). What is a(g)?
-4
Let s(n) = 3*n**3 + 6*n**2 - 2*n + 19. Let m(v) = -5*v**3 - 8*v**2 + 3*v - 32. Let z(a) = -5*m(a) - 8*s(a). What is z(8)?
16
Let u(r) = -40*r - 33*r + 2 + 77*r + 9. Determine u(-4).
-5
Suppose 130*v + 248 + 1052 = 0. Let c(t) = -t - 15. Determine c(v).
-5
Suppose 9*w - 2 = 25. Let s be ((-3)/w)/(2 - 10/6). Let h(r) = -2*r**2 - r + 4. Determine h(s).
-11
Let q be 1/(0 + -2) - 54/(-108). Suppose -15 = 3*o, q = 77*t - 72*t + 5*o. Let u(z) = 7*z - 7*z**2 - 1 + z**3 - 1 + 1. Calculate u(t).
-16
Let n = -21616 - -21619. Let m(b) = 2*b - 7. What is m(n)?
-1
Let v(f) = 2*f**2 + 2*f - 2. Let r(k) = -10*k - 12. Suppose -5*x + 30 = -5*n, -3*n + 4*x + x - 28 = 0. Let b be r(n). What is v(b)?
2
Let f(t) = t**3 - 6*t**2 + 2*t - 9. Suppose 15 = 3*i - 4*x + 2*x, -5*x = 0. Suppose j - 2*z = 8, -3*z - z + 26 = i*j. Determine f(j).
3
Let s(y) be the first derivative of y**4/4 - 7*y**3/3 + 6*y**2 - 9*y - 6189. Calculate s(7).
75
Let f(g) = -g**3 + 4*g**2 - 2*g - 1. Suppose -27 = 5*y - 47. Suppose -y*x + 273 = 53. Suppose 57*i = x*i + 4. Determine f(i).
3
Let s(q) be the first derivative of 4*q**2 + q - 12. Suppose -8 = 3*y + 10. Let h(v) = v**3 + 6*v**2 - v - 7. Let z be h(y). Determine s(z).
-7
Let h be (-1 - 1)/(-1)*2. Suppose h = 3*m - 14. Let q(t) be the third derivative of t**6/120 - t**5/10 + 2*t**3/3 + 1250*t**2 - 2*t. Determine q(m).
4
Let a(c) = c + 22. Suppose -11*v + 16*v + 5*s = -70, -28 = 2*v - 4*s. Determine a(v).
8
Let l(m) = -m**3 - m**2 - m + 1. Let b = 724 - 1101. Let w = b - -379. What is l(w)?
-13
Let l(t) be the second derivative of -t**4/12 - 5*t**3/6 + t**2/2 - 14434*t. Suppose 3*f + 2*f = -2*g - 24, -4*g = f + 12. Give l(f).
5
Suppose 0 = -h - 3*y - 18, -113 = -4*h + 3*y - 140. Let j(c) = c**3 + 7*c**2 - 11*c - 7. Give j(h).
-70
Let n(y) = y**3 + 10*y**2 + 4. Let z(b) = b**2 - 8 - b**2 - 2*b**3 + 0*b**2 - 19*b**2. Let c(m) = -11*n(m) - 6*z(m). What is c(-4)?
4
Let r be 6 + (6/(-2) - 5). Let s(v) = -2*v**3 - 2*v**2 + 7*v + 11. What is s(r)?
5
Let d(p) = -2*p + 7. Let g be d(-7). Let t = -21 + g. Let c(k) = -k**3 - 63*k**2 + k + 66*k**2 + 4 + t*k**3. Calculate c(3).
7
Let c(p) = 1. Let o(y) = -y + 8. Let z(b) = -3*c(b) + o(b). Let d(k) = -k**3 - 97*k**2 + 112*k + 1386. Let t be d(-98). Give z(t).
-9
Let k(g) = g**3 - 18*g**2 + 41*g + 66. Let t be k(15). Let v(n) = -n**3 + 6*n**2 - 2*n + 16. Give v(t).
4
Let n(k) = -93*k - 2. Suppose 1277*u - 38 = 653*u + 662*u. What is n(u)?
91
Let a(z) = 7*z**2 - 8*z**2 + 9*z + z - 185 + 97 + 75. What is a(5)?
12
Let u = -86 + 88. Let f(p) = u*p - 2 - 4 + 3*p - p. What is f(8)?
26
Suppose 2*b + 4 = -2. Let l = b + 4. Let c(s) = 5 + 8 - 8*s + 10 - 23. Give c(l).
-8
Let h(r) = -2865*r - 195 + 2831*r + 55. Calculate h(-4).
-4
Suppose 0 = -6*v + 30. Let y be ((-4)/(-2))/((120/36)/v). Let q(d) = d**3 + d**2 - 4*d + 4. Calculate q(y).
28
Let g(y) be the second derivative of y**4/6 - 49*y**3/6 - 17*y**2/2 + 401*y - 3. What is g(25)?
8
Let y(g) = -g**3 - 9*g**2 - g - 6. Let c(w) = 3*w**2 + 22*w + 9. Let o be c(-9). Suppose 3*m + o = -3*m. Determine y(m).
3
Let s(h) = -6*h**2 - h**3 - 736 + 367 + 368 - h. Let c = 4 + -10. What is s(c)?
5
Let r(z) be the third derivative of z**6/120 + z**5/6 + 25*z**4/24 + 7*z**3/6 + 6*z**2 - 216. Give r(-5).
7
Suppose -710*h = -780*h + 1050. Let d(p) = -p**3 + 17*p**2 - 31*p - 33. What is d(h)?
-48
Let x(u) = 3*u + 35. Let i(c) = c + 17. Let y(l) = l**3 - 5*l**2 - 17*l + 79. Let v be y(6). Let k(g) = v*i(g) - 6*x(g). Determine k(8).
-29
Let n(f) = 2*f**2 + 93*f - 354. Let g be n(-50). Let b(d) = -2*d**2 - 6*d - 14. Give b(g).
-22
Let y be 18/10 + (-1)/(-5). Let t(n